 -v*t. What is the remainder when t is divided by 13?
3
Let h(l) = -2*l**3 - 6*l**2 - 43*l - 168. Let n be (1 + -5)/(8/(-76)). Let i = n + -27. What is the remainder when h(-4) is divided by i?
3
Let c(o) = o**2 - o - 244. What is the remainder when 2850 is divided by c(18)?
60
Let o(a) = -34*a**2 + 485*a - 105. Suppose 3*s + 15 = -n, -4*s + 4*n - 20 = -n. What is the remainder when o(14) is divided by s*24/(-15)*1?
5
Let t(l) = -33*l - 2. Calculate the remainder when t(-4) is divided by ((-1)/5)/(17/52785*-23).
22
Let n(g) = g + 4. Let s be n(-6). What is the remainder when ((-108)/(-28))/((-90)/(-1050)) is divided by 94/4 - s/(-4)?
22
Suppose 7*i = 4*i + 135. Suppose c + 4*j + 15 = 0, -7*j + 3*j = -3*c - 29. Calculate the remainder when (-22)/c + 0 + 173 is divided by i.
40
Let u(c) = -7*c**3 + c**2 - 6*c + 27. What is the remainder when u(-5) is divided by 309?
30
Suppose 9*z - 51 = -q, 5*z + 5*q = -0*z + 15. What is the remainder when 371 is divided by z?
5
Let l = 3697 - 2149. Calculate the remainder when l is divided by 37.
31
Let x(r) = 2*r**3 - 78*r**2 + 55*r + 858. What is the remainder when 301 is divided by x(38)?
1
Suppose 0 = -5*g + 52*m - 57*m + 2450, 0 = -2*m + 2. Let a = g - 394. What is the remainder when a is divided by 20?
15
Suppose 2*u = 8 - 0. Suppose -2*b = -3*b, u*q - 5*b = 264. Suppose 2*p = 7*p - 10, p - 36 = -2*t. Calculate the remainder when q is divided by t.
15
Suppose -q - 466 = 4*q + 4*v, -4*q - 2*v = 368. Let j be 2901/(-5) - 18/q. Calculate the remainder when 1*2 - 13/(65/j) is divided by 30.
28
What is the remainder when (315/(-140))/(12/(-752)) is divided by 19?
8
Suppose 8*k + 5*r = 4*k + 685, 0 = 4*k - r - 703. Suppose 8 = 2*h, -4*d + 0*h = 3*h - 192. What is the remainder when k is divided by d?
40
What is the remainder when 4 - 1/(1/(-585)) is divided by 37?
34
Suppose -8*w + 13 = -3. Suppose 2*i - 3*i - w*g + 27 = 0, 5*i + 3*g - 121 = 0. Calculate the remainder when i is divided by 9.
5
Let u = -50 + 56. Suppose 4*m - u = 2, 0 = 3*w + 3*m - 246. Let n = -260 + 281. Calculate the remainder when w is divided by n.
17
Calculate the remainder when 385 is divided by -2 + (275/(-110))/((-2)/68).
53
Suppose 58021 + 18659 = 135*z. What is the remainder when z is divided by 30?
28
Let w = -78 + -56. Let t = w + 147. Calculate the remainder when 30 is divided by t.
4
Suppose -47 - 156 - 751 = -18*n. What is the remainder when n is divided by 38?
15
Let c = 776 + -538. What is the remainder when c is divided by 236?
2
Let u = 405 - 414. Let g(m) = -m**2 - 26*m - 133. Let a(b) = -b**2 + 13*b - 3. Calculate the remainder when a(6) is divided by g(u).
19
Let b be (-2 + 2)*(-10)/20. What is the remainder when 798 + ((-1 - b) + -1)/2 is divided by 16?
13
Let o = -14371 + 19309. Calculate the remainder when o is divided by 27.
24
Suppose 39*q - 1679 = 1051. Suppose 3*p - 6 = 0, -6*p + p = 3*b - 19. What is the remainder when q is divided by b?
1
Let t = -105244 + 105348. Suppose 0 = 4*r - 3*l - 1, 2*r = -l + 5*l + 8. Calculate the remainder when t is divided by (7/r)/(3/(-30)).
34
Let l be (-3 + 2/4)*10/(-25). Let r(w) = 280*w**2 + 1. Let s be r(l). Suppose -5*j + s + 19 = 0. Calculate the remainder when j is divided by 31.
29
Let g = 12910 - 12406. What is the remainder when 516 is divided by g?
12
Let j(m) = -3*m + 15*m + 1766 - 1550. Calculate the remainder when 501 is divided by j(-15).
33
Let n be ((-8)/24)/((-1)/18*2). Suppose n*v - l = 116, -v - 4*v + 188 = l. Let h = v - 26. What is the remainder when 46 is divided by h?
10
Suppose -5*s = 4*s - 4806. Suppose s = 23*i - 800. Suppose h - o - 16 = 0, 3*o = 3*h + 2*o - 40. Calculate the remainder when i is divided by h.
10
Suppose 164 + 394 = -9*b. Let c = b - -58. What is the remainder when 6 is divided by (c/(-2))/((-1)/(-2))?
2
Let n = -165 + -33. Let i = 52 - n. Calculate the remainder when i is divided by 12.
10
Suppose -49*u = -54*u + t + 284, 2*u = -2*t + 116. Calculate the remainder when 822 is divided by u.
24
Suppose 3*v - 611 = 5*r, v = -34*r + 31*r + 199. What is the remainder when v is divided by 78?
46
What is the remainder when 829 is divided by (221/13 - -51) + -24?
37
Suppose 18*g - 3603 = -42*g + 4557. Calculate the remainder when g is divided by 18.
10
Let q = -4988 + 5045. Calculate the remainder when 97 is divided by q.
40
Let i = 224 + -236. Calculate the remainder when (-1112)/i - 6/9 is divided by 25.
17
Let f be 2/6*(1 + 0 + 8). Let q be (8 - 5)*(-2 + f). Suppose -q*y + 5*g + 55 = 0, 3*y + 0*g = g + 35. What is the remainder when y is divided by 3?
1
Suppose 5*n = 5*i - i + 13, n + 3*i = 14. Suppose n*j = -j - 60. Let r(c) = -c**2 - 14*c + 5. Calculate the remainder when r(j) is divided by 24.
21
Let h(r) = r**3 + 6*r**2 + 2*r - 2. Let k be h(-4). Suppose 17*m - k*m = -75. Let x = 58 - 33. Calculate the remainder when x is divided by m.
10
What is the remainder when (123 - 126) + (898 - (-1 - 0)) is divided by 420?
56
Let u be 13/26*-60*(4 + -5). Suppose 20*a - u*a = -360. What is the remainder when 145 is divided by a?
1
Let m = -6502 + 6510. What is the remainder when 8757 is divided by m?
5
Let s be (-1918)/(-42) + (-2)/(-6). Let w be (-20)/25 + s/(-5). Calculate the remainder when 1854/21 + w/35 is divided by 6.
4
Let j(v) = 13*v + 29. Let h(a) = -26*a - 57. Let w(u) = -2*h(u) - 5*j(u). What is the remainder when w(-5) is divided by 13?
8
Suppose 5*i - 128 = -93. Let b(x) = -x**2 - 8*x + 19. Let c be b(-12). Let r = -27 - c. What is the remainder when i is divided by r?
1
Let f = 10440 + -10197. Calculate the remainder when f is divided by 124.
119
Let j(l) = -8*l - 130. Let b be j(-15). What is the remainder when 6/(-15) - (-1044)/10 is divided by (b + 0)*(5 - 65/10)?
14
Suppose -3*o = -f - f - 9, 5*o - 40 = -5*f. Suppose -2*n = 6*t - 2*t - 262, o*t - 328 = -2*n. Calculate the remainder when t is divided by 28.
10
Let p be (-6 + 4/1)/2. Let z(n) = -47*n**3 - n**2 - n. Let w = -917 - -1056. What is the remainder when w is divided by z(p)?
45
Suppose -2*m - 34 = -10. Let p be (m/14)/((-24)/112). Suppose -6*o + p*o + 176 = 0. Calculate the remainder when o is divided by 16.
8
Suppose -3*a = c + 4, 0 = -3*a + c - 5 - 9. What is the remainder when (1 - 25/20)*(3 - 167) is divided by (1 - a)*46/8?
18
Suppose 5*m + 15 = -h + 115, 5*h = -3*m + 522. Let c = 23 + 58. Let n = c + -63. Calculate the remainder when h is divided by n.
15
Suppose 0 = -3*b + 2*a + 1413, 3*b + 392 = 5*a + 1796. Calculate the remainder when b is divided by 61.
46
Suppose 311*w + 30 = 317*w. Suppose 0 = w*l + 5, f - 4*l - 515 = -0*l. What is the remainder when f is divided by 19?
17
Suppose -3*u - 2*y + 89 = 0, -5*u + 154 - 3 = 4*y. Suppose -58 = u*m - 166. What is the remainder when 43 is divided by m?
3
Suppose -255 = -d - 204. Let v(m) = 12*m**3 + 3*m**2 - 4*m + 5. Calculate the remainder when v(2) is divided by d.
3
Let r = 49 - 45. Let x be 0/(4 + r + -10). Suppose m + 5*y = 10, 2*m + x*m + y = 29. Calculate the remainder when 28 is divided by m.
13
Let g(f) = -30*f + 439. What is the remainder when 310 is divided by g(12)?
73
Let y(a) = 10*a - 3*a + 25*a - 22 - 3. What is the remainder when 125 is divided by y(1)?
6
Let n = -8 - -13. Suppose -6 = 2*k + n*f - 49, -26 = -k + 2*f. Calculate the remainder when 50 is divided by (59 + -2)/(k/8).
12
Suppose 201*a + 1565 = 4*l + 206*a, -2*l = 4*a - 772. Calculate the remainder when l is divided by 33.
4
Suppose 5*w = -5*c + 25, -5*w + 0*c + 35 = -5*c. Let j = -43 + 49. Suppose -2*b = b - j. Calculate the remainder when w is divided by b.
0
Suppose -10 = -2*p - 2*t, 5*t + 65 = 5*p - p. Suppose 735 = p*r + 25*r. What is the remainder when 158 is divided by r?
11
Suppose -3*h + 459 = -5*j, -5*j + 2*j = -18. What is the remainder when h is divided by 32?
3
Let o = -20 - -21. Let r = -101 + 130. Calculate the remainder when r is divided by ((-15)/9 + o)*225/(-10).
14
Let n(k) = -3*k**3 + 310*k**2 - 39*k + 372. What is the remainder when n(103) is divided by 8?
4
Suppose -r + 46 = u + 16, -2*u + 55 = 3*r. Calculate the remainder when 452 is divided by u.
32
Suppose 5 + 5 = -2*n, 4*y + n - 15 = 0. Suppose -x = 5, -2*f = f - y*x - 82. Let q(g) = 14*g. Calculate the remainder when q(4) is divided by f.
18
Let d = -4 - -47. Supp